(a).
8
Suppose -92 = 6*i - 26. Let n(q) = q**2 + 8*q - 31. Give n(i).
2
Let t = -57 + 112. Let w(c) = -108 - 2*c + 50 + t. What is w(-6)?
9
Let a(w) = w - 27. Let r(f) = 3*f - 79. Let s be (-62)/155*20/(-1). Let d(t) = s*a(t) - 3*r(t). Determine d(14).
7
Let u(x) = x - 9. Let r be u(8). Let m be (r + -3 + 1)/(-1) - 16. Let s = m - -13. Let a(p) = -p**3 - p + 2. Calculate a(s).
2
Let c be 1/(-2) + (-77)/22. Let g be (-4)/(c - 17/((-510)/108)). Let h(m) = m**3 - 10*m**2 - 14. Calculate h(g).
-14
Suppose -5*l - 3*l = -16. Suppose l*w + 10 + 8 = 0. Let h(x) be the first derivative of -x**4/4 - 3*x**3 - 5*x + 16. Determine h(w).
-5
Let t(u) = -u + 6. Let q = -58 - -60. Let z be t(q). Suppose -25 = d + z*d. Let l(h) = -h - 7. What is l(d)?
-2
Let p(t) = 36*t - 1119. Let j be p(31). Let d(b) = -2*b - 2. Give d(j).
4
Suppose -3*j + 28 = 3*u + 1, 4*u - 5*j - 9 = 0. Let v(n) = -n + n**2 + 10010 - 10005 - 4*n. Give v(u).
11
Let n = 389 - 383. Let q(m) = -1232*m**2 + m + 1233*m**2 - n*m - 7*m - 6. What is q(12)?
-6
Let c(j) be the third derivative of 1/60*j**5 + 1/24*j**4 + 0*j + 1/3*j**3 - 1/120*j**6 - 2 + 6*j**2. Calculate c(3).
-13
Suppose 2*u + 3*z = 10, -u + 30 - 11 = 5*z. Let v(m) = -4 - 10*m + 3 + 0. What is v(u)?
9
Let p(z) = -z**2 + 6*z + 6. Suppose 17*u - 6*u = 55. Suppose 3*s + u*b = 13, -2*s - 4*b + 5 + 3 = 0. What is p(s)?
6
Let j = 228 - 226. Let s(x) = 2 - 3*x - x + 0*x**2 - j*x**2 + x**3. Let i be 6/4*(1 + 1). What is s(i)?
-1
Let o(w) = -w - 1. Let s(f) = 7*f + 11. Let j = 488 + -489. Let r(d) = j*s(d) - 5*o(d). Give r(-7).
8
Let j(h) = -6*h**3 - 4*h**2 - 3*h - 1. Let z(r) = 6*r + 205. Let m be z(-32). Let s(v) = -2*v**2 + 28*v - 28. Let x be s(m). What is j(x)?
37
Let n(m) = 2*m**3 + 3*m**2 + m + 7. Let h(s) = s**3 + 2*s**2 + 6. Let o(i) = -3*h(i) + 2*n(i). Let g(x) = x**2 + 282*x + 5484. Let y be g(-21). Determine o(y).
29
Let w(j) = -j**2 - 7*j - 6. Let a = -358 + 97. Let c be 2 - 3 - a/9. Suppose 2*i + c = -2*i. What is w(i)?
-6
Let w(o) = 720 - o**3 + 723 - 30*o**2 - 1378 - 25*o. What is w(-29)?
-51
Let m(w) = 4769 + 8*w - 4768 - 11*w. What is m(-5)?
16
Let b(y) be the third derivative of y**4/8 - y**3/6 - y**2. Suppose 161*l = 162*l - 3*w + 9, 3*l + 17*w - 77 = 0. Determine b(l).
8
Let c(v) = v**3 - 17*v**2 - 16*v - 37. Suppose -2 = -2*u + 70. Suppose 5*o = 3*o + u. Let z be c(o). Let m(j) = 2*j**3 + j**2 - j - 1. What is m(z)?
-1
Let w(o) = 3*o**3 + 5*o**2 - 8*o - 2. Let a(d) = -20*d**3 - 28*d**2 + 48*d + 9. Let g(s) = -2*a(s) - 13*w(s). What is g(8)?
8
Let r(c) = c**2 - 2*c. Let i(t) = t**3 + 2*t**2 - 38*t + 14. Let q be i(5). Let o be ((-416)/312)/(1 - q/(-3)). Determine r(o).
8
Let d(o) = 4*o + 2. Let z(r) = -r**3 + 15*r**2 - 16*r - 16. Let x be z(14). Let b = -44 - x. Suppose b = -y - 5*i + 23, 5*i - 17 = -4*y - 0*y. What is d(y)?
-6
Let c(v) = 27*v**3 + 18*v**2 - 34*v + 36. Let j(d) = -68*d**3 - 37*d**2 + 64*d - 73. Let h(y) = 5*c(y) + 2*j(y). What is h(13)?
-5
Let g(c) = c + 1. Suppose -7*z - 8 + 92 = 0. Let u be ((-2)/(-3))/(z/90)*1. Suppose 0 = -3*o - d - 3, -u = -6*o + 11*o + 5*d. Calculate g(o).
0
Let o(r) = -r + 2. Let x(i) = i**3 - 16*i**2 + 15*i - 5. Let q = -22 + 25. Suppose q*k = k + 4*n + 42, 5*k - 63 = -4*n. Let u be x(k). What is o(u)?
7
Let j(d) = 10*d - 39. Let r(l) = 3*l - 11. Let t(c) = 2*j(c) - 7*r(c). Calculate t(-1).
0
Let t(b) = 56098 - 56098 + b + 4*b**2. Let g be ((-1)/3)/(4/(-12)). Calculate t(g).
5
Let c(m) = -m**3 - 7*m**2 - 6*m + 5. Let f be (4 - (-25)/(-10))*46. Suppose 14*x = f + 71. Suppose -u + x*n - 10 = 8*n, 24 = -5*u - 3*n. Calculate c(u).
5
Let p(l) = -l**3 + 7*l**2 - 3*l - 13. Let s be 6 + (-12)/(36/15). Let v(d) = 5*d**2 + 9*d - 8. Let z be v(s). What is p(z)?
5
Let k(y) = 36*y - 2. Let z(r) = -35*r + 3. Let u(i) = -2*k(i) - 2*z(i). Let p(a) = -a + 12. Let c be p(16). Give u(c).
6
Let o(r) be the first derivative of 2*r**2 + 26*r + 1. Suppose -2697 = -36*t - 2949. Give o(t).
-2
Suppose -1076 = -4*d + 3*f, -5*d + 3*f + 1417 = 75. Let b(s) = -264*s + 530*s - d*s - 14*s**2. Determine b(1).
-14
Let f = 70291 + -70297. Let u(p) = -p**2 - 5*p - 7. Let c(m) = -5*m**2 - 25*m - 36. Let h(a) = -2*c(a) + 11*u(a). Determine h(f).
-11
Let s(n) = -n**2 + 44*n - 479. Let y be s(25). Let b(g) = 4*g**2 + 8. Determine b(y).
72
Let c(z) be the first derivative of 1/3*z**3 - z + 2*z**2 - 100 - 1/4*z**4. Determine c(3).
-7
Let m(j) be the third derivative of -j**7/1260 - j**6/720 - j**5/120 + 139*j**4/12 - 3*j**2. Let u(t) be the second derivative of m(t). Calculate u(2).
-11
Let p(j) = j**2 + 24*j + 28. Let l be ((-2268)/56 - -40)/(2/84). Determine p(l).
-35
Let u(f) = 5*f + 3. Let t(i) = -1. Let p(o) = -11 - 17 - o - o + 35. Let n be p(3). Let v(q) = n*u(q) - t(q). What is v(-5)?
-21
Let c(x) = x - 13. Suppose 8*s = 1171 - 1115. Determine c(s).
-6
Let y(k) = k + 15 + 8*k - 16. Suppose -3*d + 98 + 124 = 0. Let m = d - 73. Calculate y(m).
8
Let q(p) = -16*p**2 + 2*p + 3. Let m(s) = 1834*s + 16504. Let n be m(-9). Give q(n).
-65
Let p = 9567 + -9565. Let z(o) be the first derivative of -o**4/4 + 4*o**3/3 - 3*o**2/2 + 3*o + 1. Calculate z(p).
5
Let x(d) = d**3 + 11*d**2 - 12*d + 5. Let c be ((-7)/((-49)/84))/(-1). What is x(c)?
5
Let p(h) = -2*h**2 - 6*h - 9. Let c(t) = 3*t**2 + 7*t + 11. Let i be (-77)/(-15) - (5 + (-365)/75). Let f(m) = i*p(m) + 4*c(m). What is f(3)?
11
Let t(d) = 12*d**2 + d - 5. Let b be t(3). Let m = 102 - b. Let o(r) = 2*r. What is o(m)?
-8
Let n = -1973 + 1956. Let k(i) = -i**2 - 17*i + 4. Determine k(n).
4
Let n(x) = -7*x - 1. Let c(d) = -d - 1. Let l(o) = -5*c(o) + n(o). Let r(v) = -7*v + 52. Let b be r(7). Determine l(b).
-2
Let q(p) = 211*p - 214. Let b(n) = -44*n - 1. Let r(j) = 4*b(j) + q(j). Calculate r(6).
-8
Let u(d) = 75. Let p(v) = -6*v - 374. Let f(x) = 2*p(x) + 11*u(x). Give f(6).
5
Let c(j) = 2*j**2 + 2404*j + 5. Let f(w) = -w**2 - 1109*w - 2. Let m(q) = 6*c(q) + 13*f(q). Let l be (-2)/(2/(-3)) - -1. Determine m(l).
16
Let j(b) = b**3 + b**2 - 54*b + 11. Suppose -4*w = 24, -7*o + 42*w = 45*w + 74. What is j(o)?
-5
Let h(q) be the first derivative of q**4/2 + 5*q**3/3 + 3*q**2 - 4*q - 2099. Calculate h(-3).
-31
Let a(b) be the first derivative of -b**3/3 - 9*b**2/2 + 12*b + 2689. What is a(3)?
-24
Let o(d) = -9*d - 3. Let i(m) = -4*m - 1. Let v(j) = 2*i(j) - o(j). Calculate v(-2).
-1
Let s(j) be the third derivative of -2*j**2 - 2/3*j**3 + 0 + 1/12*j**4 - j. What is s(7)?
10
Let k(j) = -3*j - 3 + 2*j + 1. Let f = -439114 - -439121. What is k(f)?
-9
Let z(w) = 9*w**2 - 61*w + 73. Let k be z(5). Let t(p) = p**2 + 9*p + 14. Determine t(k).
0
Let z = -1241 + 1242. Let m(q) = 6*q**2 + q - 1. What is m(z)?
6
Let f(g) = 3*g + 8. Suppose 0*m + 12 = -5*m + u, -5*u = m - 8. Let o(t) = -13*t - 32. Let j(l) = m*o(l) - 9*f(l). What is j(-13)?
5
Let d(j) = -j**2 + 14*j - 13. Suppose 4*b + 36 = 0, 3*n - 2*b = 63 - 6. Determine d(n).
0
Let v(w) be the second derivative of -w**4/6 + w**3 + 6*w**2 - 607*w + 1. Give v(-3).
-24
Let x(s) = 34*s**2 - 25*s - 33. Let f(g) = -31*g**2 + 23*g + 33. Let l(z) = -11*f(z) - 10*x(z). Determine l(7).
-5
Suppose -67*g + 185 - 319 = 0. Let p(y) = -2*y**2 - 9*y - 9. Give p(g).
1
Let w(c) be the third derivative of c**6/120 + c**5/6 + 17*c**4/24 - 13*c**3/6 + 582*c**2 - 1. Calculate w(-8).
-21
Suppose -3*p + p = 30. Let h(x) be the first derivative of -x**2/2 - 19*x - 2692. Determine h(p).
-4
Let c(j) = 4*j + 7. Let x(a) = -a. Let w(i) = c(i) + 2*x(i). Let z(p) = p - 8. Let n be z(7). Let u(g) = 6*g**3 - 2*g - 1. Let d be u(n). Calculate w(d).
-3
Let k(u) = 16*u**2 - u + 1. Suppose 3*x - 69 = -4*v, 5*v + 2*x - 99 = -11. Let p(t) = -v + 0 - 1 + 0*t + 2*t. Let s be p(10). What is k(s)?
16
Let k(g) = g + 3. Let i be k(-1). Suppose 24 - 28 = -i*m. Suppose m*o + 3 = 13. Let t(s) = s. Determine t(o).
5
Let c = 25442 + -25441. Let f(w) = 50*w - 18. Give f(c).
32
Let v(q) = -q**3 + 6*q**2 + 7*q + 5. Suppose 4*m - 3*m = 4*p + 192, 0 = -2*p - 2. Let a = -181 + m. What is v(a)?
5
Let s(i) = 46*i**3 - 13*i**2 + 79*i. Let j(r) = -25*r**3 + 6*r**2 - 41*r. Let z(c) = -11*j(c) - 6*s(c). Give z(10).
-30
Let o(c) = c - 1. Let u(j) = 11*j + 3. Let k be u(-4). Let d = k + 28. Let z = d - -15. What is o(z)?
1
Let r(t) = -32*t**2 + t - 2. Let z(g) = 52*g**2. Let p(u) = -r(u) - z(